036 divide 1511865159?
False
Is 5446514665 a multiple of 13?
False
Is 265318931 a multiple of 3538?
False
Is 127 a factor of 702908297?
True
Does 3468 divide 257763947?
False
Does 30 divide 18078043?
False
Is 203 a factor of 948899343?
True
Is 32786395 a multiple of 5?
True
Is 3 a factor of 9299778?
True
Is 102 a factor of 351289045?
False
Is 995129 even?
False
Is 219481234 even?
True
Is 54654254 a multiple of 158?
True
Is 70823525 a multiple of 248?
False
Is 2265828 a multiple of 1479?
True
Is 243713430 a multiple of 10?
True
Does 426 divide 762839052?
True
Does 7 divide 19108754?
True
Is 49 a factor of 10939005?
True
Is 6329 a factor of 1327944451?
True
Does 5 divide 246813741?
False
Is 3 a factor of 825667737?
True
Is 1201387 a multiple of 145?
False
Is 78 a factor of 32462820?
True
Is 24 a factor of 151373184?
True
Is 107 a factor of 3278646727?
False
Does 18 divide 79229354?
False
Is 8519775 a multiple of 75?
True
Is 206 a factor of 545174697?
False
Is 290549245 a multiple of 1646?
False
Does 13 divide 104482820?
True
Is 103 a factor of 419940064?
True
Is 57832581 a multiple of 8?
False
Does 491 divide 41816506?
True
Does 1123 divide 185405054?
True
Is 1689 a factor of 31418608?
False
Does 397 divide 13507464?
False
Is 242029918 a multiple of 2264?
False
Does 36 divide 431943012?
True
Is 314 a factor of 3321592794?
True
Is 26687280 a multiple of 1860?
True
Is 6517553 a multiple of 366?
False
Is 70 a factor of 109199370?
True
Does 74 divide 80011920?
False
Does 733 divide 185256940?
False
Does 310 divide 8945644?
False
Is 18451420 a multiple of 206?
True
Does 2599 divide 829737397?
False
Is 916 a factor of 706611560?
True
Is 1735 a factor of 1193921165?
True
Is 3729818 a multiple of 5?
False
Is 673819506 a multiple of 1188?
False
Is 1244002971 a multiple of 46?
False
Does 17 divide 29603847?
False
Is 1058315945 a multiple of 263?
True
Is 41 a factor of 42171493?
True
Is 336108436 even?
True
Does 511 divide 35554358?
True
Does 262 divide 77181971?
False
Does 108 divide 36107748?
True
Does 236 divide 4026687?
False
Is 30 a factor of 1646535330?
True
Is 58 a factor of 24906302?
True
Does 197 divide 2799567?
True
Does 6544 divide 7633103999?
False
Does 8 divide 1320133056?
True
Does 615 divide 87334875?
False
Does 22 divide 38437117?
False
Does 424 divide 39499416?
True
Is 29 a factor of 925622886?
False
Does 6728 divide 690508096?
True
Is 1395 a factor of 68336161?
False
Does 9 divide 13507191?
True
Is 54 a factor of 6067693?
False
Is 310667810 a multiple of 77?
False
Is 60668789 a multiple of 127?
True
Is 22 a factor of 70237762?
False
Is 180362488 a multiple of 726?
False
Does 1586 divide 169679303?
False
Is 152 a factor of 746834520?
True
Does 1992 divide 177706320?
True
Does 94 divide 1722080?
True
Is 333 a factor of 279478737?
False
Is 5632170 a multiple of 19?
True
Is 12 a factor of 800422704?
True
Is 30084062 a multiple of 5?
False
Does 18 divide 148154547?
False
Is 184876967 a multiple of 2519?
True
Is 28804241 a multiple of 37?
True
Is 3277409274 a multiple of 569?
True
Does 15 divide 399164850?
True
Does 70 divide 620086180?
True
Is 108 a factor of 30656448?
True
Does 940 divide 36271780?
True
Is 1806 a factor of 122637033?
False
Is 1314283920 a multiple of 80?
True
Does 805 divide 2387624?
False
Does 1651 divide 2270958?
False
Does 79 divide 14223525?
False
Is 768 a factor of 15027456?
True
Is 118057608 a multiple of 401?
True
Is 3674829 a multiple of 38?
False
Does 35 divide 348567058?
False
Is 6 a factor of 7211148?
True
Does 19 divide 5297637?
True
Does 983 divide 31667345?
True
Is 80 a factor of 58831520?
True
Does 2978 divide 101823776?
True
Is 62910990 a multiple of 4?
False
Does 739 divide 238119102?
True
Is 2448 a factor of 803320992?
True
Is 21589815 a multiple of 13?
True
Is 258881 a multiple of 31?
True
Is 116318684 a multiple of 38?
True
Does 756 divide 1128321592?
False
Is 15 a factor of 578705805?
True
Does 1191 divide 3195435850?
False
Is 1858 a factor of 529593172?
True
Is 25 a factor of 46553119?
False
Is 906 a factor of 1027790342?
False
Is 21 a factor of 331785888?
True
Is 90 a factor of 93505680?
True
Does 44 divide 133784867?
False
Is 2694096992 a multiple of 3704?
True
Does 11682 divide 2678063142?
False
Is 667385112 a multiple of 4278?
True
Does 56 divide 57318912?
True
Is 530 a factor of 730120672?
False
Is 82650019 a multiple of 43?
False
Is 1000332886 a multiple of 490?
False
Does 153 divide 3896604?
True
Is 1249 a factor of 164002956?
False
Is 129934951 a multiple of 320?
False
Is 22 a factor of 134967954?
True
Is 34162304 a multiple of 88?
True
Is 177 a factor of 307499799?
True
Is 9 a factor of 1969434?
True
Is 160084072 a multiple of 337?
False
Is 81327509 a multiple of 69?
False
Does 140 divide 7819778?
False
Is 47457718 a multiple of 572?
False
Does 179 divide 15586526?
False
Is 264029030 a multiple of 215?
True
Does 360 divide 47479766?
False
Is 24 a factor of 17383552?
False
Is 877648483 a multiple of 7550?
False
Does 63 divide 43785756?
True
Is 9 a factor of 14358078?
True
Is 395 a factor of 1391572205?
False
Does 58 divide 16249860?
True
Is 7215560 a multiple of 88?
True
Is 952 a factor of 55362783?
False
Is 653316617 a multiple of 2238?
False
Is 151075175 a multiple of 845?
False
Is 6390921 a multiple of 15?
False
Is 19826808 even?
True
Does 3 divide 2403598?
False
Is 308 a factor of 224662462?
False
Does 35 divide 5011795?
False
Is 184 a factor of 117651388?
False
Is 22432908 a multiple of 636?
False
Is 25542789 a multiple of 1501?
False
Is 4161 a factor of 134325555?
False
Does 11 divide 662422618?
True
Is 11892160 a multiple of 40?
True
Does 24 divide 287961264?
True
Does 61 divide 55017486?
True
Does 107 divide 144723171?
True
Does 14 divide 587551552?
True
Does 221 divide 1115851984?
True
Is 1326 a factor of 2086148670?
False
Does 224 divide 553289227?
False
Does 526 divide 81333248?
False
Is 131036098 a multiple of 3329?
True
Is 343 a factor of 620074714?
True
Is 463 a factor of 1748092722?
False
Is 5 a factor of 971351714?
False
Is 32070301 a multiple of 26?
False
Does 512 divide 152859372?
False
Does 14 divide 15071980?
True
Is 219 a factor of 18932202?
False
Is 5634060 a multiple of 1257?
False
Is 22369494 a multiple of 15?
False
Is 1599447696 a multiple of 3696?
True
Does 1067 divide 2200154?
True
Does 616 divide 773304224?
True
Is 200912726 a multiple of 46?
False
Is 412541152 a multiple of 2374?
False
Is 346497470 a multiple of 1958?
True
Is 3667 a factor of 42537200?
True
Does 101 divide 978016633?
True
Is 1732 a factor of 8486800?
True
Does 3108 divide 952294308?
True
Is 7 a factor of 8947957?
False
Is 1494080000 a multiple of 3500?
True
Is 104402630 a multiple of 17?
False
Is 1053 a factor of 134204981?
False
Is 69 a factor of 207549770?
False
Is 77812521 a multiple of 303?
True
Does 1658 divide 74926242?
False
Is 37 a factor of 1039177?
False
Does 27 divide 26753004?
True
Is 34880177 a multiple of 135?
False
Is 154991386 a multiple of 16?
False
Is 9 a factor of 540429?
False
Is 10493 a factor of 2043648159?
True
Does 30 divide 6203511783?
False
Is 4981018461 a multiple of 313?
True
Is 251 a factor of 8018087?
False
Is 9 a factor of 57211506?
True
Does 328 divide 8540792?
True
Is 1112950 a multiple of 25?
True
Is 315746829 a multiple of 90?
False
Is 2407 a factor of 62667980?
False
Is 65929402 a multiple of 22?
True
Is 1228793265 a multiple of 7?
True
Is 586288890 a multiple of 1710?
True
Is 241 a factor of 215460632?
False
Does 64 divide 50412800?
True
Is 755 a factor of 458499227?
False
Is 99 a factor of 3426192?
True
Does 8 divide 1020904?
True
Is 208882456 a multiple of 42?
False
Does 42 divide 82827943?
False
Is 564 a factor of 125583060?
True
Does 21 divide 769183010?
False
Is 26241391 a multiple of 137?
True
Is 35900010 a multiple of 2829?
True
Does 211 divide 117487332?
True
Is 157120506 a multiple of 212?
False
Is 2436 a factor of 990616452?
True
Does 51 divide 12523101?
True
Is 27 a factor of 69656873?
False
Is 13 a factor of 43957823?
True
Is 8 a factor of 9479705?
False
Does 165 divide 5441269185?
True
Is 14 a factor of 2116342032?
True
Does 7 divide 19164334?
True
Is 69843820 a multiple of 109?
False
Is 26512023 a multiple of 100?
False
Is 182305395 a multiple of